12402556?
False
Is 85279 a multiple of 50?
False
Is 59339 a multiple of 49?
True
Is 21 a factor of 58212?
True
Does 10 divide 423214?
False
Is 443 a factor of 2420995?
True
Does 83 divide 410536?
False
Does 93 divide 247085?
False
Does 6 divide 1926294?
True
Does 18 divide 29979?
False
Is 469583 a multiple of 15?
False
Does 65 divide 252785?
True
Is 991390 a multiple of 747?
False
Is 19 a factor of 5309609?
False
Is 42 a factor of 496276?
False
Does 433 divide 958229?
True
Is 99 a factor of 11484?
True
Is 3904424 a multiple of 410?
False
Is 19 a factor of 33881?
False
Is 15 a factor of 92336?
False
Does 5 divide 286495?
True
Is 273 a factor of 205296?
True
Does 242 divide 617342?
True
Does 596 divide 9302964?
True
Is 570644 a multiple of 20?
False
Is 92086 a multiple of 82?
True
Does 13 divide 273195?
True
Is 67 a factor of 734990?
True
Does 108 divide 802440?
True
Does 233 divide 392668?
False
Does 14 divide 1690878?
True
Does 493 divide 6691982?
True
Is 289940 a multiple of 28?
True
Is 24 a factor of 360648?
True
Does 445 divide 1879203?
False
Is 36 a factor of 270900?
True
Does 27 divide 295167?
False
Does 52 divide 3031745?
False
Is 1121472 a multiple of 48?
True
Is 90120 a multiple of 10?
True
Is 4077155 a multiple of 448?
False
Is 452 a factor of 1644488?
False
Does 137 divide 1256701?
True
Is 104564 a multiple of 16?
False
Does 67 divide 279351?
False
Is 344124 a multiple of 79?
True
Is 36977 a multiple of 103?
True
Does 21 divide 171540?
False
Does 378 divide 319032?
True
Does 11 divide 5820913?
False
Does 33 divide 11953123?
False
Does 89 divide 55981?
True
Is 48 a factor of 64704?
True
Is 1657364 a multiple of 34?
True
Is 14 a factor of 228484?
False
Is 43 a factor of 6907477?
True
Is 45 a factor of 1532880?
True
Does 91 divide 201383?
True
Is 428808 a multiple of 8?
True
Does 297 divide 3033840?
False
Is 277849 a multiple of 11?
True
Does 224 divide 674701?
False
Does 27 divide 379242?
True
Is 291 a factor of 31719?
True
Is 219 a factor of 774384?
True
Does 4 divide 74698?
False
Is 23 a factor of 2271043?
True
Is 36 a factor of 582895?
False
Is 116 a factor of 36540?
True
Does 2 divide 355044?
True
Does 54 divide 3444228?
True
Is 5 a factor of 30160?
True
Is 160607 a multiple of 32?
False
Does 290 divide 147320?
True
Is 13400 a multiple of 8?
True
Is 1012 a factor of 8861072?
True
Is 874929 a multiple of 15?
False
Is 109995 a multiple of 6?
False
Is 12620306 a multiple of 183?
False
Is 18 a factor of 18899?
False
Is 3937243 a multiple of 23?
False
Is 82 a factor of 266671?
False
Does 412 divide 276040?
True
Is 159071 a multiple of 11?
True
Is 37 a factor of 971228?
False
Is 181960 a multiple of 18?
False
Is 35 a factor of 5041070?
False
Is 2137891 a multiple of 7?
True
Is 11 a factor of 353837?
True
Is 754652 a multiple of 74?
True
Is 21 a factor of 73556?
False
Is 7 a factor of 189434?
True
Does 12 divide 776784?
True
Is 391 a factor of 4331061?
False
Does 182 divide 326508?
True
Is 85064 a multiple of 14?
True
Is 31 a factor of 308450?
True
Is 19 a factor of 28443?
True
Is 32254 a multiple of 64?
False
Does 16 divide 82702?
False
Is 13086546 a multiple of 2244?
False
Is 375 a factor of 147139?
False
Is 11441328 a multiple of 16?
True
Is 157 a factor of 210827?
False
Is 74119 a multiple of 47?
True
Is 106 a factor of 1090528?
True
Is 152 a factor of 3274450?
False
Is 17 a factor of 254677?
True
Does 22 divide 1368766?
False
Does 38 divide 3541334?
True
Is 7454000 a multiple of 1000?
True
Does 37 divide 2035890?
False
Is 24289 a multiple of 23?
False
Does 24 divide 22440?
True
Is 254 a factor of 232918?
True
Does 62 divide 594322?
False
Is 30 a factor of 158284?
False
Is 12870676 a multiple of 38?
True
Is 3 a factor of 122682?
True
Does 57 divide 202236?
True
Is 331576 a multiple of 382?
True
Is 2744481 a multiple of 15?
False
Is 58 a factor of 28036?
False
Does 15 divide 18285?
True
Does 830 divide 1840110?
True
Is 8631 a multiple of 7?
True
Does 40 divide 911375?
False
Is 669922 a multiple of 22?
True
Does 38 divide 14479?
False
Is 29 a factor of 12412?
True
Is 664303 a multiple of 29?
True
Is 437029 a multiple of 54?
False
Is 676 a factor of 296494?
False
Is 24 a factor of 5404224?
True
Is 28 a factor of 315877?
False
Is 15322 a multiple of 13?
False
Is 1835919 a multiple of 701?
True
Is 6 a factor of 233476?
False
Does 33 divide 255773?
False
Is 5 a factor of 76417?
False
Is 22 a factor of 31395?
False
Is 3 a factor of 12329?
False
Is 360965 a multiple of 137?
False
Does 63 divide 35847?
True
Is 295539 a multiple of 29?
True
Is 708 a factor of 329220?
True
Is 35 a factor of 381?
False
Is 177186 a multiple of 98?
False
Is 10 a factor of 1309018?
False
Is 7519665 a multiple of 352?
False
Is 153 a factor of 1361579?
False
Is 4121293 a multiple of 11?
True
Does 11 divide 487817?
True
Is 857194 a multiple of 38?
False
Is 166633 a multiple of 80?
False
Is 4492 a multiple of 5?
False
Does 51 divide 55691?
False
Is 3 a factor of 39515?
False
Is 15 a factor of 4524330?
True
Is 248 a factor of 120545?
False
Does 43 divide 13632?
False
Is 8861688 a multiple of 334?
True
Is 223620 even?
True
Does 4 divide 109248?
True
Does 2086 divide 17709067?
False
Does 9 divide 57816?
True
Is 1538108 a multiple of 143?
True
Is 25309611 a multiple of 73?
True
Is 147289 a multiple of 492?
False
Is 18913459 a multiple of 11?
False
Is 2167729 a multiple of 19?
True
Does 211 divide 28120530?
False
Is 6293232 a multiple of 396?
True
Does 790 divide 1544450?
True
Is 2467111 a multiple of 362?
False
Does 532 divide 2246104?
True
Is 94846 a multiple of 94?
True
Does 17 divide 215798?
True
Is 53905 a multiple of 10?
False
Is 61 a factor of 3519578?
True
Is 2167909 a multiple of 123?
False
Does 132 divide 306504?
True
Is 1476269 a multiple of 104?
False
Is 54159 a multiple of 10?
False
Is 137 a factor of 1228616?
True
Does 399 divide 5366151?
True
Is 128850 a multiple of 50?
True
Does 37 divide 2496464?
True
Is 89 a factor of 458825?
False
Does 31 divide 22651?
False
Is 4394812 a multiple of 509?
False
Does 7 divide 1377938?
False
Does 3 divide 361950?
True
Is 4 a factor of 1678953?
False
Does 599 divide 1074007?
True
Is 46 a factor of 104225?
False
Is 76869 a multiple of 56?
False
Does 60 divide 2539560?
True
Does 57 divide 56658?
True
Is 284913 a multiple of 9?
True
Does 385 divide 537460?
True
Is 459735 a multiple of 90?
False
Does 71 divide 7099137?
False
Does 3 divide 75629?
False
Is 949980 a multiple of 8?
False
Does 39 divide 617178?
False
Does 55 divide 813450?
True
Does 156 divide 2606292?
True
Is 6750 a multiple of 75?
True
Is 83229 a multiple of 166?
False
Is 32396364 a multiple of 372?
True
Is 8516625 a multiple of 15?
True
Does 133 divide 1335453?
True
Is 1398 a factor of 4261104?
True
Is 15 a factor of 300675?
True
Is 4893278 a multiple of 689?
True
Does 6 divide 1402890?
True
Is 62 a factor of 1155596?
False
Is 49 a factor of 38563?
True
Does 182 divide 157612?
True
Is 327865 a multiple of 241?
False
Does 13 divide 4126616?
True
Is 67 a factor of 289001?
False
Does 297 divide 939346?
False
Is 93 a factor of 24459?
True
Is 191238 a multiple of 170?
False
Is 276 a factor of 3564264?
True
Is 22551 a multiple of 5?
False
Does 2 divide 1324314?
True
Does 76 divide 121415?
False
Is 63 a factor of 1809927?
True
Is 12 a factor of 152809?
False
Does 396 divide 869373?
False
Is 5 a factor of 203900?
True
Does 13 divide 79812?
False
Does 138 divide 8171?
False
Is 1427415 a multiple of 154?
False
Does 88 divide 9714?
False
Does 72 divide 13684392?
True
Does 6 divide 186430?
False
Does 111 divide 376695?
False
Is 1995255 a multiple of 439?
True
Does 81 divide 129904?
False
Is 5 a factor of 530737?
False
Does 219 divide 3540573?
True
Is 13 a factor of 671281?
True
Is 8 a factor of 259983?
False
Does 333 divide 1249037?
False
Does 13 divide 2100761?
True
Is 19 a factor of 26429?
True
Is 101010 a multiple of 5?
True
Does 151 divide 367197?
False
Is 74 a factor of 179370?
False
Does 460 divide 1122400?
True
Is 6 a factor of 111960?
True
Is 19 a factor of 280744?
True
Does 518 divide 160062?
True
Does 18 divide 1311480?
True
Is 291 a factor of 4508181?
False
Is 777 a factor of 220668?
True
Is 106 a factor of 17580630?
True
Is 63 a factor of 420147?
True
Is 46 a f